 8/4) a composite number?
False
Let k be (1 - -3) + (-6 - -6). Suppose -k*m = -16, -4*z + 4*m - 1 = 3. Is (z + 1)*483/12 a composite number?
True
Let u = -86 + 89. Suppose 0 = 5*q + z - 1326, u*z = -3*q + 581 + 217. Is q prime?
False
Let i(b) = -2*b**3 + 8*b**2 + 2*b + 1. Let x(y) be the third derivative of -y**4/24 - 11*y**3/6 + 5*y**2. Let j be x(-5). Is i(j) prime?
True
Suppose v = 3*g + 301, 2*v - v = -2*g + 326. Let a = 1207 + v. Suppose w + 5*x = 394, -a = -3*w + 3*x - 251. Is w a composite number?
False
Let x = -415 - -1231. Suppose -906 = -6*y + x. Is y composite?
True
Suppose -5*b + 6050 = 3*y - 0*y, -2*b - 4*y + 2406 = 0. Is b a composite number?
False
Suppose -3*k + 4*o - 298 = -13, -4*o - 380 = 4*k. Is 8868/10 - 19/k composite?
False
Let o(p) = 9*p**2 - 19*p + 9. Suppose -5*d = 2*t - 23, -t + 3*t - 30 = 2*d. Is o(t) composite?
True
Let q(p) = -2*p**2 - p + 2. Let i be q(1). Let c be ((-9)/15 - i)*10. Is 537/4 + (-1)/c a composite number?
True
Suppose -k - 472 = k. Let y = 55 + -39. Is k*2/y*-2 a prime number?
True
Let y be 456/64 + 2/(-16). Suppose y*v = 8*v. Suppose -3*p + v*p + 921 = 0. Is p a composite number?
False
Suppose -2*u - 2*z + 1340 = 0, 2*z - 1735 - 278 = -3*u. Is u composite?
False
Is (-4)/(96/(-399352)) + (-8)/12 prime?
False
Let i(k) = -18*k + 15071. Is i(0) prime?
False
Suppose 5*w - 5*m = 17735, -5*w + 4*m - 4254 = -21993. Is w composite?
True
Suppose 0 = 9*d + 27*d - 154188. Is d prime?
True
Let z(n) be the first derivative of n**3 - 5*n**2 - 2*n - 4. Is z(11) prime?
True
Let v(z) = 3*z**3 + 5*z - 9. Is v(4) a prime number?
False
Let j(s) = s**2 + 17*s - 10. Let n(g) = -2*g**2 - 18*g + 10. Let u(y) = -3*j(y) - 2*n(y). Is u(-9) prime?
False
Let s be (0 + -12)/(-4) - -11. Let a be s/(-3)*(-9)/6. Suppose a*k + 28 = 11*k. Is k composite?
False
Let t = 13107 - 2204. Is t a prime number?
True
Suppose 4*l - 3*z - 1647 = 0, 321 = 3*l + 4*z - 908. Is l prime?
False
Let c(g) = 3*g**2 - 9*g + 37. Let a be c(22). Suppose b + 3*b - a = -5*i, 3*i = -2*b + 647. Is b a prime number?
False
Suppose -4*m + 6 = -6. Suppose -m*a - 17 = 1. Is ((-6)/(-4))/(a/(-1588)) prime?
True
Suppose -2*k = 2*k - 5*f - 94, -5*f - 31 = -k. Let b be k + 2 - (-1 + -1). Let n = b + 26. Is n a prime number?
False
Is ((-6)/6)/(1/(-6379)) prime?
True
Let v(a) = a**2 + a - 3. Let b be v(-3). Suppose -t = -0*t - l - 10, 0 = l + b. Is t a prime number?
True
Let j(y) = 2*y**2 + 10*y + 1. Let p(k) = -2*k**3 + 16*k**2 - 8. Let u be p(8). Is j(u) prime?
False
Suppose f = -122 + 121. Let q(d) = -17*d**2 + 3*d + 4. Let l be q(-3). Is l*f/4*2 composite?
False
Suppose -108*w - i = -106*w - 6815, 5*w + 3*i = 17038. Is w prime?
True
Let r = 132 - 33. Suppose -3*y = -x - 509 - r, -4 = -4*x. Suppose -y = -0*k - k. Is k composite?
True
Suppose 0 = 11*s - 6*s + 3*n - 20530, 12284 = 3*s - 5*n. Is s prime?
False
Suppose 0 = 4*o - 7*m + 3*m - 3832, -962 = -o + 2*m. Suppose -3*u + o = -132. Is u composite?
True
Suppose 5*a = -5*r + 40, 2*r - 3*a - 10 = 1. Let o(x) = 3 - r + 11 - 11*x. Is o(-5) composite?
True
Let s(l) = -1230*l - 17. Is s(-1) composite?
False
Let w be ((-274)/5)/(5/(-25)). Let y = 497 - w. Is y prime?
True
Suppose 4*z + 28685 = 5*i, -6*z + 5*z = -3*i + 17211. Is i a prime number?
True
Let l(z) = -z**3. Let p(v) = -5*v**3 - v**2 + 3*v + 1. Let b(k) = -4*l(k) + p(k). Let r be b(-2). Let m = r + 52. Is m a prime number?
False
Let i(d) = 6*d. Let n be i(-1). Let a = -74 + 83. Is (-224)/n + (-3)/a composite?
False
Let k(x) = -15*x**3 - 4*x**2 - 22*x + 2. Is k(-15) a composite number?
True
Suppose 0 = 3*a - k - 1131, -5*a + 0*k + k + 1885 = 0. Is a composite?
True
Let m(c) = -124*c**2 + c - 3. Let y(q) = 41*q**2 + 1. Let k(b) = 2*m(b) + 7*y(b). Let r be 3*2/(-2) - (-2 + 0). Is k(r) prime?
False
Let x(g) = 2*g - 26. Let r be x(14). Suppose -r*t + 6*t = 3284. Is t composite?
False
Let o(t) = -2*t + 12. Let a(w) = -w + 3. Let u(c) = -6*a(c) + o(c). Let h(p) = p**3 + 5*p**2 + 2*p + 3. Let i be h(-4). Is u(i) composite?
True
Let r(t) = 304*t + 31. Is r(9) prime?
True
Let b(j) = 6*j**3 - j**2 - j + 1. Let o be b(1). Suppose 0 = 4*i - o*i - 49. Is (i/(-2) + 2)*4 prime?
False
Let z be 1303/5 + 4/10. Suppose -3*x + 35 = 2*i - 7*i, -45 = -5*x + 5*i. Suppose 314 + z = x*b. Is b prime?
False
Let g = 10 + -7. Let y be 0/(-2)*9/(-18). Suppose y = 2*w - 6*w - b + 85, -g*b + 3 = 0. Is w prime?
False
Let o(b) = 179*b**2 + b + 1. Suppose -3*p + 5*z = 1, -5*p + 4*z = -0*z + 6. Let w be o(p). Suppose -w = -4*i + 1825. Is i composite?
True
Is (-1221752)/(-44) - 23/253 composite?
False
Let y(a) = 4*a**3 + 7*a**2 + a - 2. Let w(p) = -7*p**2 + 2*p**3 + 1 - 2*p - 2*p**3 + p**3 - 4*p**3. Let i(t) = -3*w(t) - 2*y(t). Is i(-5) composite?
False
Suppose -2*p = -3*p - 143. Let k = p - -295. Suppose 5*f - k = 3. Is f composite?
False
Suppose 3*w - 4*r = 49783 - 8390, w - 4*r = 13795. Is w a prime number?
True
Let q(d) = -674*d + 83. Is q(-10) a composite number?
False
Let j = 3749 - 2112. Is j prime?
True
Let g = -34 - -137. Suppose g = r - 0*r. Is r a composite number?
False
Let p(v) be the first derivative of -v**3/3 - v**2/2 + 2*v - 1. Let c be p(-2). Let d(j) = j**2 + 155. Is d(c) prime?
False
Let i(s) = 25*s**2 - 5*s - 3. Let m be i(3). Suppose 4*v + 2*n + m - 1789 = 0, -4*n + 794 = 2*v. Is v composite?
True
Let q(c) = c**3 + 10*c**2 + 6*c - 20. Let b be q(-9). Is 8*(-5)/(-140) + 2217/b a composite number?
False
Let z(f) = -2*f**2 - 4*f**3 - 5 - 2*f**3 - 4*f**2 + 3*f - 2*f. Let v be z(-5). Let u = v + -213. Is u prime?
False
Let z(t) = t**3 + 6*t**2 - 10*t - 4. Let c be z(-7). Let w(s) = -s**3 + 21*s**2 - 12*s - 41. Is w(c) a composite number?
False
Suppose -5*a + 75475 = -3*n, -9*n - 30190 = -2*a - 8*n. Is a prime?
False
Suppose 3*x = 4*y - 341885, -2 = -x - 5. Is y a composite number?
False
Let c(v) = v**3 + 5*v**2 - 4*v - 3. Let a be c(-6). Is 632 - (a + 20 - (3 + 1)) a composite number?
False
Let k = -4 + 4. Suppose 198 + 690 = 6*z. Suppose 5*h + u - 185 = -k*h, -4*h - u = -z. Is h a composite number?
False
Let r be (182/39)/((-2)/2403). Is r/(-4) + ((-20)/(-16))/5 composite?
True
Suppose f + 1788 = 5*f. Suppose 2*l - f = 991. Is l a composite number?
False
Let t be 2/7 + (-83862)/(-42). Suppose 3 = -2*c + c, 2*y - t = 5*c. Is y a composite number?
False
Suppose -y = y - 12. Suppose 5*c - y = 4. Suppose -c*q + 0*q = -574. Is q a composite number?
True
Let w = -45 - 6. Let t be (w/6 - -2)*-30. Suppose 2*p = 5*o - 41 + t, -3*o = -5*p + 385. Is p a prime number?
False
Suppose -s + 12 = -0*s - 3*d, 2*d = -4*s + 6. Suppose 83 = s*q + 4*z, 0 = 5*q - 0*q - 2*z - 147. Suppose q = o - 128. Is o prime?
True
Let y be 36320/11 + (-4)/(-22). Suppose 0 = -0*b + 3*b + 2*i - y, -3*i = b - 1096. Is (-6)/(-21) + b/14 a prime number?
True
Let g(a) = 36*a**3 + a**2 - 8*a - 1. Let z = 99 - 95. Is g(z) a prime number?
True
Let r(b) = -821*b**3 - b**2 + b + 1. Let s be ((-2)/(-3))/(2/(-3)). Let o be r(s). Is ((-6)/5)/((-8)/o) a composite number?
True
Suppose 1973 = 5*j - u - 1825, 4*u - 3048 = -4*j. Suppose j - 2004 = -b + h, h + 3726 = 3*b. Suppose -2*n = 2*n - 3*r - b, -619 = -2*n + 3*r. Is n composite?
False
Let x(a) = 2*a**2 - 1. Let u be x(2). Suppose -6*d - 3 = -u*d. Suppose -c = -d*c + 14. Is c a prime number?
True
Suppose -5*k - 5*v = -5745, -2*v = 7 - 3. Is k a prime number?
True
Is (-72866)/(-8)*(16 - 12) prime?
True
Suppose -36 = 7*g - 13*g. Suppose g*c - 7*c = -659. Is c a composite number?
False
Let w = 5 + -3. Suppose -3*v - w = -5. Is 3/v*140/12 a prime number?
False
Suppose -22*j = -7002 + 600. Is j a composite number?
True
Suppose -2*s + 5 = -3*q - 0*s, 0 = -3*s + 3. Let n be (q - -4) + -6 + 1. Is (-3)/6*n*223 a composite number?
False
Suppose 0 = -k - 3*k + 26720. Is k/50 - 3/5 a composite number?
True
Let r(k) = -k**3 + 2971. Is r(0) composite?
False
Suppose 3*f + 5*a - 810 - 576 = 0, 462 = f - a. Suppose -3*y + f = -5*d, 3*y - 441 = -4*d + 48. Is y a prime number?
False
Suppose -3*h = 2*i + 505, 3*i - 2*i = -3*h - 257. Let o = 217 - 332. Let w = o - i. Is w composite?
True
Suppose 3*w - 7*w = 0, 2*f = 2*w + 1814. Is f prime?
True
Suppose -5*u = -4*z - 139965, 0 = -u + z + 8556 + 19438. Is u prime?
False
Suppose -2*n + 28055 - 5361 = 0. Is n a prime number?
False
Is (-46)/(-69) - 87110/(